{"id":9,"date":"2023-09-18T12:55:49","date_gmt":"2023-09-18T12:55:49","guid":{"rendered":"https:\/\/rafalbajuk.com\/?page_id=9"},"modified":"2023-09-18T14:18:45","modified_gmt":"2023-09-18T14:18:45","slug":"proev-en-chatbot","status":"publish","type":"page","link":"https:\/\/rafalbajuk.com\/","title":{"rendered":"Pr\u00f8v en AI ChatBOT"},"content":{"rendered":"\n<p>Jeg har opsat en ChatBOT her p\u00e5 siden for at introducere ChatGPT til min mor. Vi bor over 1200 km fra hinanden, s\u00e5 en personlig introduktion af ChatGPT var ikke mulig f\u00f8r juleferien.<\/p>\n\n\n\n<p><strong>Hvis du ikke har pr\u00f8vet ChatGPT endnu, er du hjertelig velkommen til at bruge min mors ChatBOT.&nbsp;<\/strong><\/p>\n\n\n\n<p>Stil den sp\u00f8rgsm\u00e5l, be\u2019 den om at skrive et digt eller noget helt tredje. <\/p>\n\n\n\n<p>God forn\u00f8jelse! \ud83d\ude42<\/p>\n\n\n<div class='mwai-chatbot-container' data-params='{&quot;aiName&quot;:&quot;AI: &quot;,&quot;userName&quot;:&quot;Bruger: &quot;,&quot;guestName&quot;:&quot;Guest:&quot;,&quot;textSend&quot;:&quot;Send&quot;,&quot;textClear&quot;:&quot;Ryd&quot;,&quot;textInputPlaceholder&quot;:&quot;Skriv din besked ...&quot;,&quot;textInputMaxLength&quot;:512,&quot;textCompliance&quot;:&quot;V\\u00e6r kritisk med de svar du f\\u00e5r fra denne ChatBOT. Den er baseret p\\u00e5 [openAI - ChatGPT 3,5 turbo] sprogmodel. Vil du i stedet snakke med et rigtigt menneske - skriv til mig p\\u00e5 LinkedIn: https:\\\/\\\/www.linkedin.com\\\/in\\\/bajuk\\\/&quot;,&quot;startSentence&quot;:&quot;Hej! Hvad kan jeg hj\\u00e6lpe dig med i dag?&quot;,&quot;localMemory&quot;:1,&quot;themeId&quot;:&quot;chatgpt&quot;,&quot;window&quot;:&quot;&quot;,&quot;icon&quot;:&quot;&quot;,&quot;iconText&quot;:&quot;&quot;,&quot;iconTextDelay&quot;:1,&quot;iconAlt&quot;:&quot;AI Chatbot Avatar&quot;,&quot;iconPosition&quot;:&quot;bottom-right&quot;,&quot;iconBubble&quot;:&quot;&quot;,&quot;fullscreen&quot;:&quot;&quot;,&quot;copyButton&quot;:1}' data-system='{&quot;botId&quot;:&quot;default&quot;,&quot;customId&quot;:null,&quot;userData&quot;:null,&quot;sessionId&quot;:&quot;N\\\/A&quot;,&quot;restNonce&quot;:null,&quot;contextId&quot;:9,&quot;pluginUrl&quot;:&quot;https:\\\/\\\/rafalbajuk.com\\\/wp-content\\\/plugins\\\/ai-engine\\\/&quot;,&quot;restUrl&quot;:&quot;https:\\\/\\\/rafalbajuk.com\\\/index.php?rest_route=&quot;,&quot;stream&quot;:true,&quot;debugMode&quot;:false,&quot;speech_recognition&quot;:true,&quot;speech_synthesis&quot;:false,&quot;typewriter&quot;:false,&quot;virtual_keyboard_fix&quot;:false,&quot;actions&quot;:[],&quot;blocks&quot;:[],&quot;shortcuts&quot;:[]}' data-theme='{&quot;type&quot;:&quot;internal&quot;,&quot;name&quot;:&quot;ChatGPT&quot;,&quot;themeId&quot;:&quot;chatgpt&quot;,&quot;settings&quot;:[],&quot;style&quot;:&quot;&quot;}'><\/div>\n","protected":false},"excerpt":{"rendered":"<p>Jeg har opsat en ChatBOT her p\u00e5 siden for at introducere ChatGPT til min mor. Vi bor over 1200 km fra hinanden, s\u00e5 en personlig introduktion af ChatGPT var ikke mulig f\u00f8r juleferien. Hvis du ikke har pr\u00f8vet ChatGPT endnu, er du hjertelig velkommen til at bruge min mors ChatBOT.&nbsp; Stil den sp\u00f8rgsm\u00e5l, be\u2019 den [&hellip;]<\/p>\n","protected":false},"author":1,"featured_media":0,"parent":0,"menu_order":0,"comment_status":"closed","ping_status":"closed","template":"","meta":{"footnotes":""},"_links":{"self":[{"href":"https:\/\/rafalbajuk.com\/index.php?rest_route=\/wp\/v2\/pages\/9"}],"collection":[{"href":"https:\/\/rafalbajuk.com\/index.php?rest_route=\/wp\/v2\/pages"}],"about":[{"href":"https:\/\/rafalbajuk.com\/index.php?rest_route=\/wp\/v2\/types\/page"}],"author":[{"embeddable":true,"href":"https:\/\/rafalbajuk.com\/index.php?rest_route=\/wp\/v2\/users\/1"}],"replies":[{"embeddable":true,"href":"https:\/\/rafalbajuk.com\/index.php?rest_route=%2Fwp%2Fv2%2Fcomments&post=9"}],"version-history":[{"count":3,"href":"https:\/\/rafalbajuk.com\/index.php?rest_route=\/wp\/v2\/pages\/9\/revisions"}],"predecessor-version":[{"id":15,"href":"https:\/\/rafalbajuk.com\/index.php?rest_route=\/wp\/v2\/pages\/9\/revisions\/15"}],"wp:attachment":[{"href":"https:\/\/rafalbajuk.com\/index.php?rest_route=%2Fwp%2Fv2%2Fmedia&parent=9"}],"curies":[{"name":"wp","href":"https:\/\/api.w.org\/{rel}","templated":true}]}}